{"id":129,"date":"2026-03-25T19:10:17","date_gmt":"2026-03-25T19:10:17","guid":{"rendered":"https:\/\/charlottemunsch.com\/?page_id=129"},"modified":"2026-04-16T12:56:37","modified_gmt":"2026-04-16T12:56:37","slug":"a-propos","status":"publish","type":"page","link":"https:\/\/charlottemunsch.com\/index.php\/a-propos\/","title":{"rendered":"\u00c0 PROPOS"},"content":{"rendered":"\n<div class=\"wp-block-group is-layout-flow wp-block-group-is-layout-flow\" style=\"padding-right:30px;padding-left:30px\">\n<div class=\"wp-block-columns is-layout-flex wp-container-core-columns-is-layout-d2a8f814 wp-block-columns-is-layout-flex\" style=\"padding-top:0;padding-bottom:0\">\n<div class=\"wp-block-column is-layout-flow wp-block-column-is-layout-flow\" style=\"padding-top:144px;padding-right:100px;padding-left:61px\">\n<p class=\"has-text-color has-link-color has-sovereign-demibolditalic-font-family wp-elements-1ca1e5d4c2b971afc7eaf3d6582fa62f\" style=\"color:#362f3d;margin-top:0;margin-right:145px;margin-left:0px;font-size:13px;line-height:1.6\">Charlotte\u00a0Munsch est designer textile et artiste designer originaire de Lorraine.<\/p>\n\n\n\n<p class=\"has-text-color has-link-color has-sovereign-demibolditalic-font-family wp-elements-3349a0c694942f9e4676ae5d303ad9d2\" style=\"color:#362f3d;margin-top:0;margin-right:145px;margin-left:0px;font-size:13px;line-height:1.6\">Elle est dipl\u00f4m\u00e9e d\u2019un master en design graphique de l\u2019ENSAD de Nancy. <\/p>\n\n\n\n<p class=\"has-text-color has-link-color has-sovereign-demibolditalic-font-family wp-elements-6527abdd824e58551b296942cdf8a22a\" style=\"color:#362f3d;margin-top:0;margin-right:145px;margin-left:0px;font-size:13px;line-height:1.6\">Son apprentissage du tricot d\u00e9bute tr\u00e8s jeune et sa pratique se pr\u00e9cise v\u00e9ritablement en 2017 <\/p>\n\n\n\n<p class=\"has-text-color has-link-color has-sovereign-demibolditalic-font-family wp-elements-b51dc6e1c0ab4ef0da2bc69f5d6bfed3\" style=\"color:#362f3d;margin-top:0;margin-right:145px;margin-left:0px;font-size:13px;line-height:1.6\">lors de son projet de dipl\u00f4me depuis lequel sa passion pour le travail de la maille n\u2019a fait que cro\u00eetre. <\/p>\n\n\n\n<p class=\"has-text-color has-link-color has-sovereign-demibolditalic-font-family wp-elements-064fbf4756433df7fc17743e76b3af77\" style=\"color:#362f3d;margin-top:0;margin-right:145px;margin-left:0px;font-size:13px;line-height:1.6\">Elle se forme alors aux m\u00e9tiers de la laine en 2025 avec Lainamac, dans la Creuse.<br><br>En parall\u00e8le, son besoin de cr\u00e9er des objets grandit et se concr\u00e9tise avec le lancement de sa premi\u00e8re collection d\u2019objets \u00abWelcome Home\u00bb en 2025. \u2028Son travail s\u2019inscrit alors dans un registre art de vivre, anim\u00e9 par l\u2019artisanat, le folklore, les arts d\u00e9coratifs et le mouvement Arts and Crafts. \u2028Il interroge notre rapport aux objets du quotidien par un design minutieux, ludique et parfois na\u00eff. \u00a0<br><br>Charlotte\u00a0Munsch priorise le travail en collaboration avec des artisans.nes\u00a0passionn\u00e9s.es, et valorise <\/p>\n\n\n\n<p class=\"has-text-color has-link-color has-sovereign-demibolditalic-font-family wp-elements-4049d5a9c551c958ecb19a3cb3712852\" style=\"color:#362f3d;margin-top:0;margin-right:145px;margin-left:0px;font-size:13px;line-height:1.6\">la notion de lenteur dans les r\u00e9cits qu\u2019ils pr\u00e9sentent. \u2028Elle affectionne particuli\u00e8rement les dialogues singuliers du textile avec des mat\u00e9riaux comme le bois, le m\u00e9tal ou encore le verre. <em>\u2028\u2028\u2028<\/em><\/p>\n<\/div>\n\n\n\n<div class=\"wp-block-column is-layout-flow wp-block-column-is-layout-flow\">\n<figure class=\"wp-block-image aligncenter size-full is-resized\" style=\"margin-top:var(--wp--preset--spacing--80)\"><img fetchpriority=\"high\" decoding=\"async\" width=\"1707\" height=\"2560\" src=\"https:\/\/charlottemunsch.com\/wp-content\/uploads\/2026\/04\/manche-tricot-mannequin-main-scaled.jpg\" alt=\"\" class=\"wp-image-152\" style=\"aspect-ratio:0.6667697924078829;object-fit:cover;width:550px\" srcset=\"https:\/\/charlottemunsch.com\/wp-content\/uploads\/2026\/04\/manche-tricot-mannequin-main-scaled.jpg 1707w, https:\/\/charlottemunsch.com\/wp-content\/uploads\/2026\/04\/manche-tricot-mannequin-main-200x300.jpg 200w, https:\/\/charlottemunsch.com\/wp-content\/uploads\/2026\/04\/manche-tricot-mannequin-main-683x1024.jpg 683w, https:\/\/charlottemunsch.com\/wp-content\/uploads\/2026\/04\/manche-tricot-mannequin-main-768x1152.jpg 768w, https:\/\/charlottemunsch.com\/wp-content\/uploads\/2026\/04\/manche-tricot-mannequin-main-1024x1536.jpg 1024w, https:\/\/charlottemunsch.com\/wp-content\/uploads\/2026\/04\/manche-tricot-mannequin-main-1365x2048.jpg 1365w\" sizes=\"(max-width: 1707px) 100vw, 1707px\" \/><\/figure>\n<\/div>\n<\/div>\n<\/div>\n","protected":false},"excerpt":{"rendered":"<p>Charlotte\u00a0Munsch est designer textile et artiste designer originaire de Lorraine. Elle est dipl\u00f4m\u00e9e d\u2019un master en design graphique de l\u2019ENSAD de Nancy. Son apprentissage du tricot d\u00e9bute tr\u00e8s jeune et sa pratique se pr\u00e9cise v\u00e9ritablement en 2017 lors de son projet de dipl\u00f4me depuis lequel sa passion pour le travail de la maille n\u2019a fait [&hellip;]<\/p>\n","protected":false},"author":1,"featured_media":0,"parent":0,"menu_order":0,"comment_status":"closed","ping_status":"closed","template":"page-no-title","meta":{"footnotes":""},"class_list":["post-129","page","type-page","status-publish","hentry"],"_links":{"self":[{"href":"https:\/\/charlottemunsch.com\/index.php\/wp-json\/wp\/v2\/pages\/129","targetHints":{"allow":["GET"]}}],"collection":[{"href":"https:\/\/charlottemunsch.com\/index.php\/wp-json\/wp\/v2\/pages"}],"about":[{"href":"https:\/\/charlottemunsch.com\/index.php\/wp-json\/wp\/v2\/types\/page"}],"author":[{"embeddable":true,"href":"https:\/\/charlottemunsch.com\/index.php\/wp-json\/wp\/v2\/users\/1"}],"replies":[{"embeddable":true,"href":"https:\/\/charlottemunsch.com\/index.php\/wp-json\/wp\/v2\/comments?post=129"}],"version-history":[{"count":58,"href":"https:\/\/charlottemunsch.com\/index.php\/wp-json\/wp\/v2\/pages\/129\/revisions"}],"predecessor-version":[{"id":525,"href":"https:\/\/charlottemunsch.com\/index.php\/wp-json\/wp\/v2\/pages\/129\/revisions\/525"}],"wp:attachment":[{"href":"https:\/\/charlottemunsch.com\/index.php\/wp-json\/wp\/v2\/media?parent=129"}],"curies":[{"name":"wp","href":"https:\/\/api.w.org\/{rel}","templated":true}]}}